{"id":2949,"date":"2016-07-15T13:44:38","date_gmt":"2016-07-15T11:44:38","guid":{"rendered":"http:\/\/impreza8.us-themes.com\/?page_id=2"},"modified":"2019-10-15T07:42:46","modified_gmt":"2019-10-15T05:42:46","slug":"water-control-2","status":"publish","type":"page","link":"https:\/\/apf-connect.fr\/index.php\/water-control-2\/","title":{"rendered":"Water&#038;Led Control"},"content":{"rendered":"<section class=\"l-section wpb_row height_auto width_full color_custom\" id=\"overview\"><div class=\"l-section-h i-cf\"><div class=\"g-cols vc_row via_flex valign_middle type_default stacking_default\"><div class=\"vc_col-sm-12 wpb_column vc_column_container align_center_xs\"><div class=\"vc_column-inner\"><div class=\"wpb_wrapper\"><div class=\"w-slider style_none fit_scaledown\"><div class=\"w-slider-h\"><div class=\"royalSlider\"><div class=\"rsContent\"><a class=\"rsImg\" data-rsw=\"2941\" data-rsh=\"1224\" href=\"https:\/\/apf-connect.fr\/wp-content\/uploads\/2018\/04\/Water-control.jpg\"><span data-alt=\"\"><\/span><\/a><\/div><div class=\"rsContent\"><a class=\"rsImg\" data-rsw=\"2941\" data-rsh=\"1224\" href=\"https:\/\/apf-connect.fr\/wp-content\/uploads\/2018\/04\/Led-control.jpg\"><span data-alt=\"\"><\/span><\/a><\/div><\/div><img src=\"https:\/\/apf-connect.fr\/wp-content\/uploads\/2018\/04\/Water-control.jpg\" width=\"2941\" height=\"1224\" alt loading=\"lazy\"><\/div><div class=\"w-slider-json\" onclick='return {&quot;loop&quot;:true,&quot;fadeInLoadedSlide&quot;:false,&quot;slidesSpacing&quot;:0,&quot;imageScalePadding&quot;:0,&quot;numImagesToPreload&quot;:2,&quot;arrowsNav&quot;:false,&quot;arrowsNavAutoHide&quot;:false,&quot;transitionType&quot;:&quot;fade&quot;,&quot;transitionSpeed&quot;:250,&quot;block&quot;:{&quot;moveEffect&quot;:&quot;none&quot;,&quot;speed&quot;:300},&quot;controlNavigation&quot;:&quot;none&quot;,&quot;autoplay&quot;:{&quot;enabled&quot;:true,&quot;pauseOnHover&quot;:true,&quot;delay&quot;:3000},&quot;imageScaleMode&quot;:&quot;fit-if-smaller&quot;,&quot;autoScaleSlider&quot;:true,&quot;autoScaleSliderWidth&quot;:2941,&quot;autoScaleSliderHeight&quot;:1224,&quot;fitInViewport&quot;:false}'><\/div><\/div><\/div><\/div><\/div><\/div><\/div><\/section><section class=\"l-section wpb_row height_small\" id=\"features\"><div class=\"l-section-h i-cf\"><div class=\"g-cols vc_row via_flex valign_top type_default stacking_default\"><div class=\"vc_col-sm-12 wpb_column vc_column_container\"><div class=\"vc_column-inner\"><div class=\"wpb_wrapper\"><div class=\"wpb_text_column\"><div class=\"wpb_wrapper\"><h2 style=\"text-align: center;\"><span style=\"color: #7e6c65;\">Water&amp;Led Control<\/span><\/h2>\n<p style=\"text-align: center;\">Pilotez simplement la filtration et l&rsquo;\u00e9clairage de votre piscine<\/p>\n<\/div><\/div><div class=\"w-separator size_large\"><\/div><div class=\"g-cols wpb_row via_flex valign_middle type_default stacking_default\"><div class=\"vc_col-sm-4 wpb_column vc_column_container us_animate_afc\"><div class=\"vc_column-inner\"><div class=\"wpb_wrapper\"><div class=\"w-iconbox iconpos_top style_circle color_primary align_center\"><div class=\"w-iconbox-icon\" style=\"font-size:28px;\"><i class=\"far fa-calendar-alt\"><\/i><\/div><div class=\"w-iconbox-meta\"><h5 class=\"w-iconbox-title\">Programmation<\/h5><div class=\"w-iconbox-text\"><p>Programmez votre filtration manuellement ou optez pour le syst\u00e8me intelligent Full-Auto. <\/p>\n<\/div><\/div><\/div><div class=\"w-separator size_large\"><\/div><div class=\"w-iconbox iconpos_top style_circle color_primary align_center\"><div class=\"w-iconbox-icon\" style=\"font-size:28px;\"><i class=\"far fa-snowflake\"><\/i><\/div><div class=\"w-iconbox-meta\"><h5 class=\"w-iconbox-title\">Hivernage<\/h5><div class=\"w-iconbox-text\"><p>La filtration en mode Hivernage se fait automatiquement en fonction de la temp\u00e9rature de l&rsquo;air et de la consigne, vous n&rsquo;avez qu&rsquo;\u00e0 l&rsquo;activer !<\/p>\n<\/div><\/div><\/div><\/div><\/div><\/div><div class=\"vc_col-sm-4 wpb_column vc_column_container\"><div class=\"vc_column-inner\"><div class=\"wpb_wrapper\"><div class=\"w-image style_phone6-1 align_center\"><div class=\"w-image-h\"><img width=\"375\" height=\"664\" src=\"https:\/\/apf-connect.fr\/wp-content\/uploads\/2019\/02\/ecran-accueil-waterled-375x664.jpg\" class=\"attachment-us_375_667_crop size-us_375_667_crop\" alt=\"\" loading=\"lazy\" srcset=\"https:\/\/apf-connect.fr\/wp-content\/uploads\/2019\/02\/ecran-accueil-waterled.jpg 375w, https:\/\/apf-connect.fr\/wp-content\/uploads\/2019\/02\/ecran-accueil-waterled-169x300.jpg 169w\" sizes=\"(max-width: 375px) 100vw, 375px\" \/><\/div><\/div><\/div><\/div><\/div><div class=\"vc_col-sm-4 wpb_column vc_column_container us_animate_afc\"><div class=\"vc_column-inner\"><div class=\"wpb_wrapper\"><div class=\"w-iconbox iconpos_top style_circle color_primary align_center\"><div class=\"w-iconbox-icon\" style=\"font-size:28px;\"><i class=\"far fa-clock\"><\/i><\/div><div class=\"w-iconbox-meta\"><h5 class=\"w-iconbox-title\">Marche forc\u00e9e<\/h5><div class=\"w-iconbox-text\"><p>Besoin d&rsquo;un coup de boost en cas de forte affluence ?<br \/>\nForcez la filtration par simple impulsion.<\/p>\n<\/div><\/div><\/div><div class=\"w-separator size_large\"><\/div><div class=\"w-iconbox iconpos_top style_circle color_primary align_center\"><div class=\"w-iconbox-icon\" style=\"font-size:28px;\"><i class=\"fas fa-lightbulb\"><\/i><\/div><div class=\"w-iconbox-meta\"><h5 class=\"w-iconbox-title\">Eclairage Leds<\/h5><div class=\"w-iconbox-text\"><p>Fin de soir\u00e9e au bord de la piscine ? Cr\u00e9ez l&rsquo;ambiance lumineuse parfaite !<\/p>\n<\/div><\/div><\/div><\/div><\/div><\/div><\/div><\/div><\/div><\/div><\/div><\/div><\/section><section class=\"l-section wpb_row height_small color_secondary\" id=\"screenshots\"><div class=\"l-section-h i-cf\"><div class=\"g-cols vc_row via_flex valign_top type_default stacking_default\"><div class=\"vc_col-sm-12 wpb_column vc_column_container\"><div class=\"vc_column-inner\"><div class=\"wpb_wrapper\"><div class=\"wpb_text_column\"><div class=\"wpb_wrapper\"><h2 style=\"text-align: center;\">L&rsquo;application<\/h2>\n<p style=\"text-align: center;\">Nous avons \u00e9labor\u00e9 des fonctionnalit\u00e9s simples et intuitives, au design \u00e9pur\u00e9.<\/p>\n<\/div><\/div><div class=\"w-separator size_large\"><\/div><div class=\"g-cols wpb_row via_flex valign_top type_default stacking_default\" style=\"--additional-gap:35;\"><div class=\"vc_col-sm-4 wpb_column vc_column_container\"><div class=\"vc_column-inner\"><div class=\"wpb_wrapper\"><div class=\"w-image style_phone6-2 align_center\"><div class=\"w-image-h\"><img width=\"375\" height=\"667\" src=\"https:\/\/apf-connect.fr\/wp-content\/uploads\/2018\/04\/Capture-prog.jpg\" class=\"attachment-us_375_667_crop size-us_375_667_crop\" alt=\"\" loading=\"lazy\" srcset=\"https:\/\/apf-connect.fr\/wp-content\/uploads\/2018\/04\/Capture-prog.jpg 375w, https:\/\/apf-connect.fr\/wp-content\/uploads\/2018\/04\/Capture-prog-169x300.jpg 169w\" sizes=\"(max-width: 375px) 100vw, 375px\" \/><\/div><\/div><div class=\"wpb_text_column\" id=\"a\"><div class=\"wpb_wrapper\"><h4 style=\"text-align: center;\">Programmation Timer<\/h4>\n<p style=\"text-align: center;\">D\u00e9finissez vos plages horaires quotidiennes ou bien choisissez l&rsquo;option \u00ab\u00a0Full Auto\u00a0\u00bb qui adapte le temps de filtration en fonction de la temp\u00e9rature de l&rsquo;eau du bassin.<\/p>\n<\/div><\/div><\/div><\/div><\/div><div class=\"vc_col-sm-4 wpb_column vc_column_container\"><div class=\"vc_column-inner\"><div class=\"wpb_wrapper\"><div class=\"w-image style_phone6-2 align_none\"><div class=\"w-image-h\"><img width=\"375\" height=\"667\" src=\"https:\/\/apf-connect.fr\/wp-content\/uploads\/2018\/04\/Capture-marche-forcee.jpg\" class=\"attachment-us_375_667_crop size-us_375_667_crop\" alt=\"\" loading=\"lazy\" srcset=\"https:\/\/apf-connect.fr\/wp-content\/uploads\/2018\/04\/Capture-marche-forcee.jpg 375w, https:\/\/apf-connect.fr\/wp-content\/uploads\/2018\/04\/Capture-marche-forcee-169x300.jpg 169w\" sizes=\"(max-width: 375px) 100vw, 375px\" \/><\/div><\/div><div class=\"wpb_text_column\"><div class=\"wpb_wrapper\"><h4 style=\"text-align: center;\">March\u00e9 Forc\u00e9e<\/h4>\n<p style=\"text-align: center;\">Pour donner un coup de boost \u00e0 la filtration de votre piscine. Chaque impulsion donn\u00e9e au bouton augmente la filtration d&rsquo;une heure.<\/p>\n<\/div><\/div><\/div><\/div><\/div><div class=\"vc_col-sm-4 wpb_column vc_column_container\"><div class=\"vc_column-inner\"><div class=\"wpb_wrapper\"><div class=\"w-image style_phone6-2 align_none\"><div class=\"w-image-h\"><img width=\"375\" height=\"667\" src=\"https:\/\/apf-connect.fr\/wp-content\/uploads\/2018\/04\/Capture-hivernage.jpg\" class=\"attachment-us_375_667_crop size-us_375_667_crop\" alt=\"\" loading=\"lazy\" srcset=\"https:\/\/apf-connect.fr\/wp-content\/uploads\/2018\/04\/Capture-hivernage.jpg 375w, https:\/\/apf-connect.fr\/wp-content\/uploads\/2018\/04\/Capture-hivernage-169x300.jpg 169w\" sizes=\"(max-width: 375px) 100vw, 375px\" \/><\/div><\/div><div class=\"wpb_text_column\"><div class=\"wpb_wrapper\"><h4 style=\"text-align: center;\">Hivernage<\/h4>\n<p style=\"text-align: center;\">Pour vous faciliter la t\u00e2che, nous avons pr\u00e9vu un Mode Automatique qui, une fois activ\u00e9, se d\u00e9clenchera lorsque la temp\u00e9rature aura atteint le point de consigne.<\/p>\n<\/div><\/div><\/div><\/div><\/div><\/div><\/div><\/div><\/div><\/div><\/div><\/section><section class=\"l-section wpb_row height_small color_alternate\"><div class=\"l-section-h i-cf\"><div class=\"g-cols vc_row via_flex valign_top type_default stacking_default\"><div class=\"vc_col-sm-3 wpb_column vc_column_container us_animate_afl\"><div class=\"vc_column-inner us_custom_27fcb8f5\"><div class=\"wpb_wrapper\"><div class=\"w-image align_left us_animate_afc\"><a href=\"https:\/\/apf-connect.fr\/wp-content\/uploads\/2019\/03\/CoffretWaterLedControl.png\" ref=\"magnificPopup\" aria-label=\"Lien\" class=\"w-image-h\"><img width=\"938\" height=\"1024\" src=\"https:\/\/apf-connect.fr\/wp-content\/uploads\/2019\/03\/CoffretWaterLedControl-938x1024.png\" class=\"attachment-large size-large\" alt=\"\" loading=\"lazy\" srcset=\"https:\/\/apf-connect.fr\/wp-content\/uploads\/2019\/03\/CoffretWaterLedControl.png 938w, https:\/\/apf-connect.fr\/wp-content\/uploads\/2019\/03\/CoffretWaterLedControl-275x300.png 275w, https:\/\/apf-connect.fr\/wp-content\/uploads\/2019\/03\/CoffretWaterLedControl-768x838.png 768w\" sizes=\"(max-width: 938px) 100vw, 938px\" \/><\/a><\/div><\/div><\/div><\/div><div class=\"vc_col-sm-9 wpb_column vc_column_container us_animate_fade\"><div class=\"vc_column-inner\"><div class=\"wpb_wrapper\"><div class=\"wpb_text_column\"><div class=\"wpb_wrapper\"><h5>Pourquoi choisir le module Water&amp;Led Control ?<\/h5>\n<p>Votre bassin est \u00e9quip\u00e9 d&rsquo;un mur ou d&rsquo;un bloc filtrant et vous souhaitez avoir la main sur le pilotage de votre filtration et \u00e9clairage?<\/p>\n<p>Le bo\u00eetier Water&amp;Led Control a \u00e9t\u00e9 sp\u00e9cialement con\u00e7u pour s&rsquo;adapter \u00e0 ces conditions d&rsquo;humidit\u00e9 extr\u00eames. Son \u00e9tanch\u00e9it\u00e9 IP56 vous garantit un fonctionnement sans faille et une installation simplifi\u00e9e pour votre piscinier.<\/p>\n<p>Water&amp;Led Control est \u00e9quip\u00e9 de 2 sondes (air et eau) et d&rsquo;une alimentation pr\u00e9c\u00e2bl\u00e9es ainsi que d&rsquo;un collier de prise en charge.<\/p>\n<\/div><\/div><\/div><\/div><\/div><\/div><\/div><\/section><section class=\"l-section wpb_row height_medium\" id=\"download\"><div class=\"l-section-h i-cf\"><div class=\"g-cols vc_row via_flex valign_top type_default stacking_default\"><div class=\"vc_col-sm-8 wpb_column vc_column_container\"><div class=\"vc_column-inner\"><div class=\"wpb_wrapper\"><div class=\"wpb_text_column\"><div class=\"wpb_wrapper\"><h2><span style=\"color: #7e6c65;\">APF Connect : l&rsquo;application pour votre piscine connect\u00e9e<\/span><\/h2>\n<p>Commandez notre module <strong>Water&amp;Led Control<\/strong> aupr\u00e8s de votre piscinier et profitez d&rsquo;une application simple et intuitive pour piloter la <strong>filtration votre piscine<\/strong>.<\/p>\n<p>L&rsquo;application est gratuite et sans abonnement.<\/p>\n<\/div><\/div><div class=\"w-separator size_medium\"><\/div><div class=\"wpb_text_column\"><div class=\"wpb_wrapper\"><p><a href=\"https:\/\/play.google.com\/store\/apps\/details?id=fr.sodalec.connect.apf\" target=\"_blank\" rel=\"noopener\"><img loading=\"lazy\" class=\"alignleft wp-image-2915 size-full\" src=\"http:\/\/apf-connect.fr\/wp-content\/uploads\/2016\/09\/not-placehold-google-play.png\" alt=\"\" width=\"200\" height=\"62\" \/><\/a><a href=\"https:\/\/itunes.apple.com\/fr\/app\/apf-connect\/id1374294889?mt=8\" target=\"_blank\" rel=\"noopener\"><img loading=\"lazy\" class=\"alignleft wp-image-2916 size-full\" src=\"http:\/\/apf-connect.fr\/wp-content\/uploads\/2016\/09\/not-placehold-app-store.png\" alt=\"\" width=\"200\" height=\"62\" \/><\/a><\/p>\n<\/div><\/div><div class=\"w-btn-wrapper align_none\"><a class=\"w-btn us-btn-style_3\" target=\"_blank\" href=\"http:\/\/apf-connect.fr\/wp-content\/uploads\/2018\/05\/APF-Fiche-WaterLed-Control.pdf\" rel=\"noopener\"><span class=\"w-btn-label\">Fiche Water&amp;Led Control<\/span><\/a><\/div><\/div><\/div><\/div><div class=\"vc_col-sm-4 wpb_column vc_column_container\"><div class=\"vc_column-inner\"><div class=\"wpb_wrapper\"><div class=\"w-slider style_phone6-2 fit_scaledown\"><div class=\"w-slider-h\"><div class=\"royalSlider\"><div class=\"rsContent\"><a class=\"rsImg\" data-rsw=\"375\" data-rsh=\"667\" href=\"https:\/\/apf-connect.fr\/wp-content\/uploads\/2018\/04\/Capture-accueil.jpg\"><span data-alt=\"\"><\/span><\/a><\/div><\/div><img src=\"https:\/\/apf-connect.fr\/wp-content\/uploads\/2018\/04\/Capture-accueil.jpg\" width=\"375\" height=\"667\" alt loading=\"lazy\"><\/div><div class=\"w-slider-json\" onclick='return {&quot;loop&quot;:true,&quot;fadeInLoadedSlide&quot;:false,&quot;slidesSpacing&quot;:0,&quot;imageScalePadding&quot;:0,&quot;numImagesToPreload&quot;:2,&quot;arrowsNav&quot;:false,&quot;arrowsNavAutoHide&quot;:false,&quot;transitionType&quot;:&quot;move&quot;,&quot;transitionSpeed&quot;:250,&quot;block&quot;:{&quot;moveEffect&quot;:&quot;none&quot;,&quot;speed&quot;:300},&quot;controlNavigation&quot;:&quot;none&quot;,&quot;autoplay&quot;:{&quot;enabled&quot;:true,&quot;pauseOnHover&quot;:true,&quot;delay&quot;:3000},&quot;imageScaleMode&quot;:&quot;fit-if-smaller&quot;,&quot;autoScaleSlider&quot;:true,&quot;autoScaleSliderWidth&quot;:375,&quot;autoScaleSliderHeight&quot;:667,&quot;fitInViewport&quot;:false}'><\/div><\/div><\/div><\/div><\/div><\/div><\/div><\/section>\n","protected":false},"excerpt":{"rendered":"Water&amp;Led Control Pilotez simplement la filtration et l&rsquo;\u00e9clairage de votre piscine ProgrammationProgrammez votre filtration manuellement ou optez pour le syst\u00e8me intelligent Full-Auto. HivernageLa filtration en mode Hivernage se fait automatiquement en fonction de la temp\u00e9rature de l'air et de la consigne, vous n'avez qu'\u00e0 l'activer ! Marche forc\u00e9eBesoin d'un coup de boost en cas de...","protected":false},"author":1,"featured_media":0,"parent":0,"menu_order":3,"comment_status":"closed","ping_status":"closed","template":"","meta":[],"yoast_head":"<!-- This site is optimized with the Yoast SEO plugin v19.10 - https:\/\/yoast.com\/wordpress\/plugins\/seo\/ -->\n<title>Water&amp;Led Control - APF Connect - La piscine connect\u00e9e<\/title>\n<meta name=\"robots\" content=\"index, follow, max-snippet:-1, max-image-preview:large, max-video-preview:-1\" \/>\n<link rel=\"canonical\" href=\"https:\/\/apf-connect.fr\/index.php\/water-control-2\/\" \/>\n<meta property=\"og:locale\" content=\"fr_FR\" \/>\n<meta property=\"og:type\" content=\"article\" \/>\n<meta property=\"og:title\" content=\"Water&amp;Led Control - APF Connect - La piscine connect\u00e9e\" \/>\n<meta property=\"og:url\" content=\"https:\/\/apf-connect.fr\/index.php\/water-control-2\/\" \/>\n<meta property=\"og:site_name\" content=\"APF Connect - La piscine connect\u00e9e\" \/>\n<meta property=\"article:publisher\" content=\"https:\/\/www.facebook.com\/apf.piscines\/\" \/>\n<meta property=\"article:modified_time\" content=\"2019-10-15T05:42:46+00:00\" \/>\n<meta property=\"og:image\" content=\"http:\/\/apf-connect.fr\/wp-content\/uploads\/2016\/09\/not-placehold-google-play.png\" \/>\n<meta name=\"twitter:card\" content=\"summary_large_image\" \/>\n<meta name=\"twitter:label1\" content=\"Dur\u00e9e de lecture estim\u00e9e\" \/>\n\t<meta name=\"twitter:data1\" content=\"4 minutes\" \/>\n<script type=\"application\/ld+json\" class=\"yoast-schema-graph\">{\"@context\":\"https:\/\/schema.org\",\"@graph\":[{\"@type\":\"WebPage\",\"@id\":\"https:\/\/apf-connect.fr\/index.php\/water-control-2\/\",\"url\":\"https:\/\/apf-connect.fr\/index.php\/water-control-2\/\",\"name\":\"Water&Led Control - APF Connect - La piscine connect\u00e9e\",\"isPartOf\":{\"@id\":\"https:\/\/apf-connect.fr\/#website\"},\"datePublished\":\"2016-07-15T11:44:38+00:00\",\"dateModified\":\"2019-10-15T05:42:46+00:00\",\"breadcrumb\":{\"@id\":\"https:\/\/apf-connect.fr\/index.php\/water-control-2\/#breadcrumb\"},\"inLanguage\":\"fr-FR\",\"potentialAction\":[{\"@type\":\"ReadAction\",\"target\":[\"https:\/\/apf-connect.fr\/index.php\/water-control-2\/\"]}]},{\"@type\":\"BreadcrumbList\",\"@id\":\"https:\/\/apf-connect.fr\/index.php\/water-control-2\/#breadcrumb\",\"itemListElement\":[{\"@type\":\"ListItem\",\"position\":1,\"name\":\"Accueil\",\"item\":\"https:\/\/apf-connect.fr\/\"},{\"@type\":\"ListItem\",\"position\":2,\"name\":\"Water&#038;Led Control\"}]},{\"@type\":\"WebSite\",\"@id\":\"https:\/\/apf-connect.fr\/#website\",\"url\":\"https:\/\/apf-connect.fr\/\",\"name\":\"APF Connect - La piscine connect\u00e9e\",\"description\":\"Pilotez votre piscine du bout des doigts !\",\"publisher\":{\"@id\":\"https:\/\/apf-connect.fr\/#organization\"},\"potentialAction\":[{\"@type\":\"SearchAction\",\"target\":{\"@type\":\"EntryPoint\",\"urlTemplate\":\"https:\/\/apf-connect.fr\/?s={search_term_string}\"},\"query-input\":\"required name=search_term_string\"}],\"inLanguage\":\"fr-FR\"},{\"@type\":\"Organization\",\"@id\":\"https:\/\/apf-connect.fr\/#organization\",\"name\":\"APF\",\"url\":\"https:\/\/apf-connect.fr\/\",\"logo\":{\"@type\":\"ImageObject\",\"inLanguage\":\"fr-FR\",\"@id\":\"https:\/\/apf-connect.fr\/#\/schema\/logo\/image\/\",\"url\":\"http:\/\/apf-connect.fr\/wp-content\/uploads\/2018\/02\/APF-logo-institutionnel.png\",\"contentUrl\":\"http:\/\/apf-connect.fr\/wp-content\/uploads\/2018\/02\/APF-logo-institutionnel.png\",\"width\":1124,\"height\":484,\"caption\":\"APF\"},\"image\":{\"@id\":\"https:\/\/apf-connect.fr\/#\/schema\/logo\/image\/\"},\"sameAs\":[\"https:\/\/www.instagram.com\/apf.piscines\/\",\"https:\/\/www.linkedin.com\/company\/annonay-productions-france\/\",\"https:\/\/www.pinterest.fr\/apfpiscines\/\",\"https:\/\/www.youtube.com\/c\/APF-piscine\",\"https:\/\/www.facebook.com\/apf.piscines\/\"]}]}<\/script>\n<!-- \/ Yoast SEO plugin. -->","yoast_head_json":{"title":"Water&Led Control - APF Connect - La piscine connect\u00e9e","robots":{"index":"index","follow":"follow","max-snippet":"max-snippet:-1","max-image-preview":"max-image-preview:large","max-video-preview":"max-video-preview:-1"},"canonical":"https:\/\/apf-connect.fr\/index.php\/water-control-2\/","og_locale":"fr_FR","og_type":"article","og_title":"Water&Led Control - APF Connect - La piscine connect\u00e9e","og_url":"https:\/\/apf-connect.fr\/index.php\/water-control-2\/","og_site_name":"APF Connect - La piscine connect\u00e9e","article_publisher":"https:\/\/www.facebook.com\/apf.piscines\/","article_modified_time":"2019-10-15T05:42:46+00:00","og_image":[{"url":"http:\/\/apf-connect.fr\/wp-content\/uploads\/2016\/09\/not-placehold-google-play.png"}],"twitter_card":"summary_large_image","twitter_misc":{"Dur\u00e9e de lecture estim\u00e9e":"4 minutes"},"schema":{"@context":"https:\/\/schema.org","@graph":[{"@type":"WebPage","@id":"https:\/\/apf-connect.fr\/index.php\/water-control-2\/","url":"https:\/\/apf-connect.fr\/index.php\/water-control-2\/","name":"Water&Led Control - APF Connect - La piscine connect\u00e9e","isPartOf":{"@id":"https:\/\/apf-connect.fr\/#website"},"datePublished":"2016-07-15T11:44:38+00:00","dateModified":"2019-10-15T05:42:46+00:00","breadcrumb":{"@id":"https:\/\/apf-connect.fr\/index.php\/water-control-2\/#breadcrumb"},"inLanguage":"fr-FR","potentialAction":[{"@type":"ReadAction","target":["https:\/\/apf-connect.fr\/index.php\/water-control-2\/"]}]},{"@type":"BreadcrumbList","@id":"https:\/\/apf-connect.fr\/index.php\/water-control-2\/#breadcrumb","itemListElement":[{"@type":"ListItem","position":1,"name":"Accueil","item":"https:\/\/apf-connect.fr\/"},{"@type":"ListItem","position":2,"name":"Water&#038;Led Control"}]},{"@type":"WebSite","@id":"https:\/\/apf-connect.fr\/#website","url":"https:\/\/apf-connect.fr\/","name":"APF Connect - La piscine connect\u00e9e","description":"Pilotez votre piscine du bout des doigts !","publisher":{"@id":"https:\/\/apf-connect.fr\/#organization"},"potentialAction":[{"@type":"SearchAction","target":{"@type":"EntryPoint","urlTemplate":"https:\/\/apf-connect.fr\/?s={search_term_string}"},"query-input":"required name=search_term_string"}],"inLanguage":"fr-FR"},{"@type":"Organization","@id":"https:\/\/apf-connect.fr\/#organization","name":"APF","url":"https:\/\/apf-connect.fr\/","logo":{"@type":"ImageObject","inLanguage":"fr-FR","@id":"https:\/\/apf-connect.fr\/#\/schema\/logo\/image\/","url":"http:\/\/apf-connect.fr\/wp-content\/uploads\/2018\/02\/APF-logo-institutionnel.png","contentUrl":"http:\/\/apf-connect.fr\/wp-content\/uploads\/2018\/02\/APF-logo-institutionnel.png","width":1124,"height":484,"caption":"APF"},"image":{"@id":"https:\/\/apf-connect.fr\/#\/schema\/logo\/image\/"},"sameAs":["https:\/\/www.instagram.com\/apf.piscines\/","https:\/\/www.linkedin.com\/company\/annonay-productions-france\/","https:\/\/www.pinterest.fr\/apfpiscines\/","https:\/\/www.youtube.com\/c\/APF-piscine","https:\/\/www.facebook.com\/apf.piscines\/"]}]}},"_links":{"self":[{"href":"https:\/\/apf-connect.fr\/index.php\/wp-json\/wp\/v2\/pages\/2949"}],"collection":[{"href":"https:\/\/apf-connect.fr\/index.php\/wp-json\/wp\/v2\/pages"}],"about":[{"href":"https:\/\/apf-connect.fr\/index.php\/wp-json\/wp\/v2\/types\/page"}],"author":[{"embeddable":true,"href":"https:\/\/apf-connect.fr\/index.php\/wp-json\/wp\/v2\/users\/1"}],"replies":[{"embeddable":true,"href":"https:\/\/apf-connect.fr\/index.php\/wp-json\/wp\/v2\/comments?post=2949"}],"version-history":[{"count":72,"href":"https:\/\/apf-connect.fr\/index.php\/wp-json\/wp\/v2\/pages\/2949\/revisions"}],"predecessor-version":[{"id":3394,"href":"https:\/\/apf-connect.fr\/index.php\/wp-json\/wp\/v2\/pages\/2949\/revisions\/3394"}],"wp:attachment":[{"href":"https:\/\/apf-connect.fr\/index.php\/wp-json\/wp\/v2\/media?parent=2949"}],"curies":[{"name":"wp","href":"https:\/\/api.w.org\/{rel}","templated":true}]}}